19. Let f be l(5). Let y = f - 638. Calculate the highest common divisor of y and 22.
22
Suppose 3*j = -3*j + 126. Suppose 13 = w - 1. What is the highest common factor of w and j?
7
Let p(i) = -8*i**3 - 99*i**2 - 32*i + 23. Let g be p(-13). Calculate the greatest common divisor of 12 and g.
12
Suppose 92*q + 56 = 106*q. Suppose -u = 5*v - 209, q*v + 14 = 4*u - 726. Suppose -5*j = -32 - 73. What is the highest common factor of j and u?
21
Suppose -5*a + 3*g = -184, 11*a - 10*a + g - 40 = 0. What is the greatest common divisor of 4826 and a?
38
Let b(v) = v**3 - 6*v**2 + 6*v - 11. Let p be b(6). Let g = 217 - 42. Calculate the greatest common divisor of p and g.
25
Suppose 36*u + 339256 = 125*u + 77774. What is the highest common factor of u and 182?
26
Let r be 0/(8/(-7) + (-1)/(-7)). Suppose 9*f - 283 - 23 = r. What is the highest common divisor of 119 and f?
17
Let r(d) = 407*d**3 - 4*d + 4. Let k be r(2). Suppose 3*m + k = -0*p + 4*p, 4*p - 3220 = -5*m. Calculate the highest common factor of p and 30.
30
Let i be (-5)/(-30) + (-70)/(-12). Let n(w) = 2*w**2 - 12*w + 20. Let g be n(i). Calculate the greatest common divisor of 15 and g.
5
Let z = -43368 - -44824. Calculate the highest common factor of 560 and z.
112
Suppose -q = -5*g - 73, -2*g - 34 = -q + 3*q. Let h be (0 - g/6)*440/25. Let w be h/(0 + -4 - -6). What is the greatest common divisor of 22 and w?
22
Suppose -6*p + 9*p - 6 = 0. Suppose -5*z + 240 = 2*c, 3*z = p*c - 106 - 134. What is the highest common divisor of 160 and c?
40
Let n be (-1922)/(-12) - (-37)/(-222). Let s = -152 - -216. What is the greatest common factor of s and n?
32
Let d(p) = -2*p**3 - 8*p**2 - 16*p - 1. Let g be d(-4). Calculate the highest common factor of g and 259.
7
Let a(c) = c**3 + 19*c**2 + 15*c - 14. Let r(y) = -y + 2. Let w(f) = a(f) - r(f). Let v be w(-18). Calculate the highest common divisor of v and 35.
5
Let n = 1860 - 1029. Let o = 1762 - n. Calculate the greatest common divisor of 49 and o.
49
Let o be (-8)/(-2) + (2 - 0). Suppose 9 + o = 5*u. Suppose 5*n - 15 = -u*d + 4, 1 = -d + 2*n. What is the greatest common divisor of 30 and d?
3
Let y be 1*138 - (-4)/(-7 - -9). Let l = -137 + y. What is the greatest common factor of 87 and l?
3
Let q(k) = 5*k**2 + 37*k + 96. Let v(h) = -4*h**2 - 39*h - 95. Let y(w) = 5*q(w) + 6*v(w). Let a be y(51). Calculate the highest common factor of 348 and a.
12
Let f(l) = l**3 - 9*l**2 + l - 6. Let w be f(9). Suppose 0 = -w*p + 6*p - 132. Let b be (32/(-10))/(p/(-110)). What is the highest common factor of b and 4?
4
Let a = 180 - 178. Suppose -a*j + 10 = l, 5*j = 2*l + j - 52. Calculate the greatest common factor of 12 and l.
6
Let c = 1 - 2. Let j(f) = 21*f**2 + f. Let g be j(c). Let x = -1684 - -1744. Calculate the greatest common divisor of x and g.
20
Suppose -4*o = -6 - 10. Suppose -o*j = -5*k + 333, -2*k - 5*j - 140 = -4*k. Let x = -31 + 57. Calculate the greatest common divisor of k and x.
13
Let y = 199 + -342. Let q = y + 263. Suppose -7*m = -m - q. Calculate the greatest common factor of 8 and m.
4
Suppose 3*r - 3*m - 1668 = 0, -4*m + 2798 = 5*r - 0*m. Let q = -93205 - -93211. Calculate the highest common factor of r and q.
6
Let b be (-6)/(-12) - 2/(8/(-78)). Suppose 12*o - b*o = -32. Let z be ((-13)/((-78)/44))/(o/6). What is the highest common factor of z and 1?
1
Let l(w) = w**2 + 3*w - 7. Let x be l(2). Suppose -417 = -5*p - x*t, 3*p = 6*p + 2*t - 250. Calculate the highest common factor of p and 24.
12
Let d = -3613 - -3633. What is the highest common divisor of d and 45?
5
Suppose -25*g + 166 = -23*g + 2*j, 4*g - 334 = -2*j. Suppose -21*k + 28*k = g. What is the highest common factor of k and 12?
12
Let q(d) = -d**2 + 2*d. Let m(h) = -5*h**3 + 10*h**2 - 19*h - 18. Let t(k) = m(k) + 6*q(k). Let o be t(-2). What is the greatest common divisor of o and 36?
4
Suppose -20 = -4*q, 1079 = 4*t + 2*q - 627. Calculate the highest common divisor of t and 583.
53
Suppose 212 = 5*z + 3*a - 7*a, -4 = -2*a. Calculate the highest common factor of z and 33.
11
Suppose -6*k = -14*k + 2824. Let y = k + 292. Calculate the greatest common divisor of 30 and y.
15
Let z be ((-12)/1)/((-16)/(-1792)*-12). Calculate the greatest common factor of 480 and z.
16
Suppose -24*g - 5*u = -27*g + 165, g + 3*u - 69 = 0. Let b(q) = -134*q + 1. Let r be b(-1). What is the greatest common divisor of r and g?
15
Let t be (-841)/(-4) + (-14)/56. Let g be 1/8 - (-5033)/56. Calculate the greatest common divisor of g and t.
30
Let l(f) = f**3 + 5*f**2 - 141*f + 18. Let u be l(-10). What is the highest common divisor of 6 and u?
2
Suppose 1018 = 3*l + 4*s - 9*s, 4*s = -2*l + 664. Suppose 16 = -5*m + l. Let t(r) = -4*r - 4. Let p be t(-5). Calculate the highest common factor of p and m.
16
Let g(r) = r**3 + 9*r**2 - 2*r + 2. Let p be g(-9). Suppose -23*q + p*q + 1104 = 0. Suppose -q = -17*d + 15*d. Calculate the highest common divisor of 8 and d.
8
Let h be (-23)/46*125*-20. What is the highest common divisor of 20 and h?
10
Let h(g) = -g**2 + 26*g + 177. Let q be h(26). What is the highest common factor of 4779 and q?
177
Let s be 142 - 10 - (-3 - 1/(3/(-15))). Calculate the highest common factor of s and 70.
10
Let b(j) = 3*j + 1. Let u be b(4). Let x = -130 + 53. Let p = -38 - x. Calculate the greatest common factor of p and u.
13
Let q be (-873)/(19 - 10)*-5. What is the greatest common divisor of 1164 and q?
97
Let w(t) = 2*t**3 + 16*t**2 - 53. Let u be w(-7). Let h be (-302)/(-4) + 1/(-2). Calculate the greatest common factor of h and u.
15
Let q(n) = 5*n**3 - 19*n**2 + 1. Let p(l) = -l**3 - 18*l**2 - 46*l - 11. Let y be p(-15). Let v be q(y). What is the greatest common divisor of 153 and v?
17
Let f = -85 + 93. Let v(g) = g**3 + 2*g**2 - 50. Let i be v(0). Let p = i + 78. Calculate the highest common divisor of f and p.
4
Suppose 107699 + 14463 = 67*h - 77565. Calculate the greatest common factor of 55 and h.
11
Let n be 100 - (-2 + (-10)/(-5)). Let g = -190 + 211. Let o be ((-24)/6 - g)*-1. What is the highest common factor of o and n?
25
Let p = -48 - -50. Let t be ((-374)/9)/(-2) - p/(-9). Let n(c) = c - 11. Let k be n(t). What is the highest common factor of 110 and k?
10
Suppose -2*p + 318 = 4*o, p = -20*o + 16*o + 169. Calculate the highest common divisor of p and 13857.
149
Let i(j) = -47*j**3 + 4*j**2 + 11*j + 15. Let a be i(-2). Calculate the greatest common factor of a and 63.
7
Suppose -2*y = -3*m + 81 - 273, -3*y + 3*m + 288 = 0. Calculate the highest common factor of y and 992.
32
Suppose -5*w + 5 = 0, -r + 155*w - 153*w = -416. Calculate the greatest common divisor of r and 646.
38
Suppose 180 = 6866*v - 6851*v. Calculate the greatest common factor of v and 92.
4
Let n(a) = -98*a + 1324. Let m be n(13). Let p = 204 - 104. What is the greatest common divisor of p and m?
50
Let u = 183 - 180. Suppose 21 = 3*v + u*p, -13 = -3*v - 5*p + 18. Calculate the highest common divisor of 2 and v.
2
Suppose 18*t - 1939 = -31. Let s = t + -97. Let j(x) = -2*x + 4. Let l be j(-7). What is the greatest common factor of s and l?
9
Let c be 744 - (0 - 22 - -8). What is the highest common divisor of 2 and c?
2
Let i = -12578 - -12916. Calculate the greatest common factor of 8957 and i.
169
Suppose 107*i - 7066 - 9412 = 0. Suppose -4*w = m - 44, -1 = -3*w - 10. Calculate the highest common divisor of i and m.
14
Suppose 5*w - 1650 = 5*g, 0 = w + 3*w + g - 1340. Let c = w - 326. Let j(o) = -29*o + 7. Let b be j(-5). What is the highest common divisor of b and c?
8
Let k(l) = 90*l - 491. Let m be k(9). What is the highest common factor of m and 1073?
29
Suppose -229*k + 20*k + 99275 = 0. What is the highest common divisor of 675 and k?
25
Let w = 36 + -35. Let m be (2/(-4)*7)/(w/(-6)). Let j(a) = 5*a**3 - a**2 + 6*a + 3. Let g be j(3). Calculate the greatest common divisor of m and g.
21
Let r be (1240/868)/(25/210). Calculate the highest common factor of 1074 and r.
6
Let u(x) = -6 - 670*x - 2*x**2 + 11*x**2 + 673*x + 0. Let j be u(-3). What is the highest common divisor of j and 110?
22
Let c(m) = -30*m - 142. Let b be c(-5). Let p(d) = d**2 + 11*d - 21. Let j be p(-17). Let x = j - 49. Calculate the greatest common divisor of b and x.
8
Let k be 13 + (-17 - -8) - (-2233 - -4). What